9b (base 14) to base 12
-239
Convert 6533 (base 8) to base 4.
311123
Convert 11010000 (base 2) to base 5.
1313
123032 (base 4) to base 9
2345
-65241 (base 7) to base 3
-211021210
4090 (base 10) to base 2
111111111010
434 (base 6) to base 3
20011
Convert 5323 (base 9) to base 16.
f45
Convert 503 (base 8) to base 7.
641
ad3 (base 14) to base 4
201201
What is 80 (base 12) in base 10?
96
Convert 2514 (base 6) to base 13.
38b
-221235 (base 6) to base 12
-a81b
What is -211122000 (base 3) in base 12?
-9669
Convert -102022211 (base 3) to base 7.
-33034
What is -1222110120 (base 3) in base 2?
-1001100001000000
What is -2113 (base 8) in base 13?
-667
40004 (base 5) to base 6
15332
Convert 1ac14 (base 14) to base 6.
1243510
Convert -1442 (base 6) to base 10.
-386
25611 (base 10) to base 7
134445
What is -390 (base 11) in base 12?
-326
What is -26887 (base 9) in base 16?
-472f
What is -53343 (base 11) in base 13?
-2942b
What is -186 (base 11) in base 4?
-3113
-3232 (base 8) to base 4
-122122
What is 112411 (base 5) in base 7?
14654
What is 5b5b (base 13) in base 4?
3021320
What is -12c (base 15) in base 16?
-10b
8481 (base 9) to base 5
144404
1475 (base 12) to base 10
2393
Convert -211061 (base 8) to base 9.
-116252
1100102211 (base 3) to base 2
110011111000011
24204 (base 5) to base 9
2424
Convert -1025200 (base 6) to base 7.
-266640
Convert -1095 (base 12) to base 15.
-82b
Convert -1c5a (base 13) to base 7.
-15352
Convert 6123 (base 8) to base 5.
100110
What is 2fd (base 16) in base 15?
360
Convert 24982 (base 10) to base 3.
1021021021
Convert 103244 (base 8) to base 4.
20122210
1033 (base 5) to base 9
168
What is -4134 (base 6) in base 3?
-1021011
What is 1100 (base 6) in base 10?
252
-5214 (base 8) to base 11
-2035
What is -b3 (base 13) in base 5?
-1041
-245166 (base 8) to base 3
-11022001021
What is 217 (base 14) in base 8?
635
22121 (base 5) to base 16
600
2da (base 14) to base 16
248
What is -884 (base 9) in base 4?
-23110
Convert 10022210 (base 3) to base 14.
c52
Convert 1533 (base 8) to base 9.
1154
-7ac (base 15) to base 8
-3311
What is 18711 (base 9) in base 8?
31252
What is 53b (base 16) in base 10?
1339
What is 1628 (base 9) in base 8?
2331
212334 (base 6) to base 9
25784
-883 (base 14) to base 4
-122103
-751 (base 8) to base 4
-13221
111001100110011 (base 2) to base 8
71463
Convert 102 (base 13) to base 8.
253
-12030 (base 4) to base 16
-18c
What is -33a3 (base 13) in base 12?
-4227
Convert 17043 (base 11) to base 2.
101110111000101
Convert -279 (base 14) to base 15.
-234
What is 101001110000101 (base 2) in base 12?
10459
170a (base 12) to base 9
3681
Convert 1236 (base 10) to base 16.
4d4
What is -10ac (base 14) in base 5?
-43041
What is -1010010110110 (base 2) in base 6?
-40314
-18422 (base 9) to base 12
-7455
-156 (base 15) to base 7
-615
-33150 (base 7) to base 13
-3a29
-1950 (base 10) to base 5
-30300
Convert -2121021221 (base 3) to base 5.
-3114434
12a7 (base 12) to base 14
ad1
What is 1110 (base 6) in base 4?
10002
What is 232021 (base 4) in base 12?
1861
-1365 (base 12) to base 2
-100010111101
-3425 (base 7) to base 8
-2334
What is 2234 (base 7) in base 12?
575
What is 2067 (base 8) in base 4?
100313
-16ca (base 15) to base 2
-1001100110011
-11503 (base 7) to base 9
-4084
What is 2309 (base 10) in base 16?
905
Convert -425253 (base 6) to base 15.
-a506
22211 (base 3) to base 2
11101110
Convert 4358 (base 11) to base 14.
214a
Convert 2010 (base 7) to base 11.
580
What is 4625 (base 8) in base 12?
1505
Convert -11103 (base 6) to base 14.
-7cb
Convert -8863 (base 9) to base 15.
-1e0c
What is -a33 (base 15) in base 9?
-3133
What is -7413 (base 15) in base 4?
-11333133
Convert -134064 (base 7) to base 12.
-12870
What is -101021 (base 4) in base 8?
-2111
Convert -41 (base 7) to base 6.
-45
What is 1100022222 (base 3) in base 15?
7cab
Convert 506 (base 13) to base 8.
1523
What is -33 (base 16) in base 5?
-201
What is 2543 (base 6) in base 10?
639
Convert 1122 (base 8) to base 13.
369
-398b (base 16) to base 2
-11100110001011
What is 13113 (base 4) in base 16?
1d7
Convert 262 (base 9) to base 12.
162
13a03 (base 11) to base 10
19847
What is 4d (base 15) in base 12?
61
-cdcc (base 16) to base 5
-3141214
What is -15b (base 13) in base 5?
-1440
-210355 (base 6) to base 5
-1020431
-1b47b (base 13) to base 4
-31010002
4c3 (base 16) to base 15
564
Convert -6b (base 15) to base 11.
-92
144642 (base 8) to base 11
35866
Convert 85a (base 14) to base 15.
74d
26332 (base 7) to base 2
1101101110110
What is 230 (base 15) in base 16?
1ef
731 (base 8) to base 2
111011001
13123112 (base 4) to base 13
10b02
What is 1000100100001 (base 2) in base 5?
120020
What is 5364 (base 10) in base 7?
21432
What is 202032 (base 4) in base 9?
3003
What is 12529 (base 15) in base 9?
88263
Convert 11234 (base 5) to base 3.
1010100
Convert 6c53 (base 14) to base 5.
1101024
What is -2300111 (base 4) in base 8?
-26025
-1021 (base 4) to base 16
-49
What is 6633 (base 7) in base 8?
4510
345 (base 6) to base 9
162
What is 10344 (base 5) in base 6?
3204
410a (base 12) to base 16
1b9a
-100500 (base 6) to base 15
-2556
11514 (base 7) to base 6
21520
What is 10100001010 (base 2) in base 9?
1683
-3410 (base 8) to base 4
-130020
Convert -14b09 (base 13) to base 10.
-39217
Convert 412 (base 15) to base 12.
645
Convert 2075 (base 8) to base 9.
1435
2d8 (base 16) to base 5
10403
Convert -1000100010011011 (base 2) to base 3.
-1202222020
What is 48641 (base 9) in base 11?
22546
Convert 10230 (base 4) to base 7.
606
Convert -5139 (base 10) to base 4.
-1100103
-3243 (base 7) to base 12
-806
What is -8832 (base 12) in base 15?
-46ae
What is -31205 (base 12) in base 9?
-107085
101013 (base 4) to base 3
1111120
What is bc48 (base 14) in base 13?
11ab9
1222 (base 6) to base 16
12e
What is 1010011101011011 (base 2) in base 3?
2011202210
114545 (base 6) to base 13
4805
What is 16407 (base 10) in base 8?
40027
What is 336 (base 11) in base 15?
1bc
Convert 224 (base 11) to base 15.
12d
Convert 3571 (base 15) to base 7.
45052
-1001111110 (base 2) to base 15
-2c8
What is 40034 (base 5) in base 14?
cbd
361 (base 8) to base 14
133
314 (base 6) to base 9
141
Convert -27b1 (base 14) to base 16.
-1b67
-111201 (base 3) to base 8
-562
-e10 (base 16) to base 2
-111000010000
What is 3143 (base 14) in base 12?
4ab3
Convert -615 (base 7) to base 8.
-462
Convert -411334 (base 5) to base 13.
-60c6
Convert 11110100 (base 3) to base 5.
100444
Convert -46b3 (base 13) to base 4.
-2123130
-781 (base 16) to base 11
-1497
100230 (base 5) to base 6
22434
-10414 (base 5) to base 9
-1005
What is -1020220 (base 5) in base 14?
-6259
-312431 (base 7) to base 12
-27112
What is 210115 (base 8) in base 3?
10112121211
5354 (base 12) to base 10
9136
What is 27 (base 16) in base 10?
39
-2380 (base 10) to base 5
-34010
What is -10110000001011 (base 2) in base 12?
-6637
Convert -222234 (base 5) to base 4.
-1322023
Convert 743d (base 14) to base 7.
112306
What is 4a7 (base 11) in base 4?
21121
Convert -1633 (base 7) to base 2.
-1010010101
-46794 (base 10) to base 14
-130a6
-288 (base 10) to base 4
-10200
What is 3304 (base 5) in base 15?
204
c061 (base 13) to base 9
40241
Convert -15107 (base 9) to base 6.
-115354
What is 203 (base 8) in base 6?
335
Convert a7 (base 12) to base 8.
177
-191 (base 16) to base 15
-1bb
-24704 (base 9) to base 14
-60a5
Convert 220211121 (base 3) to base 11.
12670
What is 114034 (base 5) in base 12?
2579
What is 1d4a (base 15) in base 7?
24400
-295 (base 15) to base 8
-1116
Convert -1763 (base 9) to base 3.
-1212010
-1160 (base 7) to base 6
-2002
Convert 4a3a (base 11) to base 14.
257b
-45723 (base 10) to base 5
-2430343
What is 360300 (base 7) in base 5?
4034344
223120 (base 4) to base 13
1357
-1710 (base 12) to base 4
-222330
What is 209 (base 15) in base 10?
459
What is 1873 (base 9) in base 12?
a03
Convert 17f6 (base 16) to base 13.
2a3b
-3a0 (base 13) to base 5
-10022
What is -390 (base 10) in base 12?
-286
What is -11111010110011 (base 2) in base 3?
-211000111
Convert 2251 (base 9) to base 7.
4600
2949 (base 16) to base 3
112111110
-11622 (base 8) to base 2
-1001110010010
What is 710 (base 10) in base 11?
596
What is 59d (base 16) in base 11?
1097
Convert 1010001011 (base 2) to base 7.
1620
What is